. Let x be b(105). Let u(m) = -2*m**2 + 3*m + 16. Calculate u(x).
-11
Let l(f) = -26 + 51 - 29 + 0*f + f**2 + 3*f. Let s(p) = -p**2 + 13*p - 35. Let w be s(3). Determine l(w).
6
Let r(k) = -2*k**2 - 370*k - 735. Let z be r(-2). Let b(x) = x**3 + x**2 - x - 3. Let t(l) = 2*l**3 + l**2 - 3*l - 7. Let m(p) = -5*b(p) + 2*t(p). What is m(z)?
4
Let l(o) = -68*o + 402. Let p = 6233 - 6227. Calculate l(p).
-6
Let z(k) = 28*k - 10. Let u(v) = 350*v - 3146. Let o be u(9). What is z(o)?
102
Let f(b) = -2*b**2 - 48*b + 51. Let x = 21140 - 21165. Determine f(x).
1
Suppose -3*t - 6 + 0 = 0. Let l be 10 - (-90 + 0) - 0/2. Let q be -8 - (l/(-36) - t/(-9)). Let r(k) = 2*k + 1. Give r(q).
-9
Let x(s) = -s**2 - 108*s - 661. Let p be x(-7). Let j(i) = -i**3 + 47*i**2 - 44*i - 99. Determine j(p).
-7
Let l(z) = 4*z**3 - z**2 + z + 1. Let i(j) = j**3. Suppose 2*k = 2*q - 1 + 9, 19 = -4*q + 5*k. Let f(d) = q*l(d) + 3*i(d). Give f(2).
-7
Let t(h) = -h**3 + 14*h**2 + h + 1. Let r(n) = -n**3 + 15*n**2 + n + 2. Let l(p) = 4*r(p) - 5*t(p). Let v(q) = -3*q - 5. Let g be v(-5). Calculate l(g).
-7
Let p = -387 - -384. Let v(d) = -8*d + 7. Let f(w) = 5*w - 8. Let g(b) = p*f(b) - 2*v(b). Give g(-5).
5
Suppose -5 - 4 = 3*r, -q - 2*r + 3 = 0. Let k(u) = 3163*u - 6306*u + 3142*u - 1. Calculate k(q).
-10
Let n(u) = 237 - 94 + 3*u - 72 - u**2 - 28*u. Give n(-28).
-13
Let m(t) = 21*t - 121. Let u(v) = v - 13. Let b(k) = 2*m(k) - 18*u(k). Calculate b(-2).
-56
Let a(q) be the first derivative of 14*q**3/3 + 3*q**2/2 - 2*q + 760. Calculate a(1).
15
Suppose t = 5*x - 110, -3*x + 102 = -t + 38. Let k = x - 25. Let v(f) = -f**2 + 3. Let d(o) = -4*o**2 - o - 4. Let n(a) = -d(a) - v(a). Determine n(k).
19
Let x(g) = -g**3 + 5*g**2 - 1. Suppose -552 = -27*w + 15. Suppose 19*u - w = 14*u - 2*n, 3*u - 17 = n. Calculate x(u).
-1
Let v = -478 - -480. Let z(x) = -10*x - x**3 + 10*x**v + 59 + 70 + 67 - 189. Calculate z(9).
-2
Let f(q) = -1. Let j(s) = -s + 11. Let a(x) = -44*f(x) - 4*j(x). Suppose 0 = 15*c - 32 - 13. Suppose -4*t - 13 = -3*y, -5*y + 14 = 4*t + c. Determine a(t).
-4
Let z(p) = -4*p. Let m(v) = 3*v**2 - 23*v + 1. Let k be 84/48 + (-9)/12. Let x(i) = k*m(i) - 5*z(i). Calculate x(2).
7
Let s(r) = r**2 - 9*r + 25. Let t = 44937 - 44943. What is s(t)?
115
Let v(a) = -a**3 + 8*a**2 + 9*a + 13. Suppose -6*s + 46 = 16. Suppose 4*b + 3*x - 66 = -27, b = s*x + 4. Give v(b).
13
Suppose -5*d = 35*w - 38*w - 32, 2*d = -5*w - 12. Suppose l + 18 = 5*m, -d*m - 5*l + 14 = -3*m. Let p(y) = y**2 - 4*y + 7. Give p(m).
7
Let a(y) = 5*y - 5. Let r = 2559 + -2562. Determine a(r).
-20
Let u(i) = -101*i + 306*i - i**2 - 10 - 99*i - 97*i. Give u(8).
-2
Let b(d) = 3*d + 11. Let a = -67 - -64. Let u be b(a). Let o(x) = -2 - 2 + 5 - u*x - 6*x**3 + 4*x. Determine o(-1).
5
Let l(k) = -k + 7. Suppose 39 + 207 = 2*w. Let y = w - 118. What is l(y)?
2
Let b(q) be the first derivative of 100 + 0*q + 1/3*q**3 - 13/2*q**2. Determine b(13).
0
Suppose -9*b = -5*b. Let g = -824 - -829. Suppose 12 = -u - 5*s, b = g*u - 0*u + 2*s + 14. Let k(q) = -2*q**3 - 2*q**2 + 2*q + 2. What is k(u)?
6
Let l(k) = -11*k - 5. Let w(j) = -2*j - 6. Let y(z) = 2*z. Let f(i) = w(i) - 5*y(i). Let c(b) = -6*f(b) + 7*l(b). Determine c(-1).
6
Suppose -3*p + 3*n = -0*p + 9, -5*p = -n + 19. Let x be 3*p/4 + -2. Let m(t) be the third derivative of -t**5/60 - t**4/6 + t**3/2 + 3*t**2. Give m(x).
-2
Let q(a) = a**3 - 4*a**2 - 3*a - 6. Let r be q(5). Suppose 16 + r = 5*i. Let c(n) = 6 + 2 + 0 - i*n - n - n**2. Calculate c(-6).
2
Let z(m) = 1 - 2504*m**2 + 5003*m**2 - 2498*m**2 - 7. What is z(-4)?
10
Let k(r) be the third derivative of r**5/60 - r**4/24 - r**3/2 + 47*r**2 + 11*r. Let l be (0 - -4)/(2/(-2)). Give k(l).
17
Let u(g) = -5 - 1 + 0*g**2 - 12*g + 4*g**2 - 3*g**2 + 10. Calculate u(5).
-31
Let y(h) be the third derivative of -h**6/120 - h**5/15 - h**4/12 - h**3/6 + h**2. Let o be 35/(-11) + (-36)/(-198). Calculate y(o).
-4
Let u(n) = -8*n**2 - 9*n - n**2 + 10*n**2 + 11. Let d be (16 - 15)/(2/16). Calculate u(d).
3
Let g be 3*-1 - (-2 - -4). Let b(q) = 3*q**3 + 7*q**2 - 9. Let h(y) = 4*y**3 + 10*y**2 - 12. Let l(x) = -5*b(x) + 4*h(x). What is l(g)?
-3
Let l(o) = o + 1. Let k(r) = r - 3. Let c(g) = 17*g - 9. Let w(z) = -c(z) + 6*k(z). Let q(d) = -6*l(d) - w(d). Calculate q(-1).
-2
Suppose 19*s + 315 = 14*s. Let x be (-3)/((-6)/4) - (5 + s). Let r(q) = -31 + x - q - 29. Calculate r(-5).
5
Let c(y) = 3*y**2 - 3*y**2 - 3*y**2 - 6 + 3*y - y**2 - y**3. Suppose 3*q = -3 - 0. Let w(b) = -b**3 + b**2 + b - 1. Let h(n) = q*c(n) + 2*w(n). What is h(6)?
-2
Let f(d) be the second derivative of -d**5/20 - d**4/2 + d**3/2 - 12*d**2 + 62*d. Determine f(-7).
4
Let v(g) = 30*g + 3. Suppose 4*p + 4*p = -3*p - 11. Determine v(p).
-27
Let u(t) = -3*t**3 - 2*t**2 + t - 1. Let a(k) = -8*k**3 + 2*k**2 + 8*k + 24. Let l(g) = -a(g) + 3*u(g). What is l(-8)?
13
Let l(t) = -t**2 + 20*t - 17. Let h be ((-1178)/496)/((-3)/24). What is l(h)?
2
Suppose 31*b = 56*b + 50. Let v(o) = 31*o. Give v(b).
-62
Let j(h) = h**3 - 8*h**2 + 16*h - 2. Let v be j(6). Let w = 22 - v. Let s(f) = w - 2 - f + 1. Calculate s(-5).
4
Let r(l) be the first derivative of -l**2/2 + 9*l - 3. Let j be r(9). Let n(h) = 21 - 16 + 4*h**3 + 2*h**2 - 5*h**2 + 2*h**2 - 3*h**3. Calculate n(j).
5
Let f be 30/(-9)*6/2. Let t(l) be the third derivative of -l**5/30 - 11*l**4/12 - 13*l**3/6 + 12316*l**2. Determine t(f).
7
Suppose 0 = -23*g + 838 + 450. Suppose 13*n = -n - g. Let r(l) = -l**3 + 4*l**2 + 5*l + 2. Let k(j) = -j**3. Let m(s) = -2*k(s) + r(s). Calculate m(n).
-18
Let h(p) = 150*p - 888. Suppose 42*n - 378 = -64*n + 43*n. Determine h(n).
12
Let s(w) = 3*w**2 - 2*w + 1. Let x = 233 - 236. Calculate s(x).
34
Let w(b) = 2*b**2 + 44*b + 34. Let i(d) = -18*d - 17. Let t(s) = 5*i(s) + 2*w(s). Determine t(-4).
55
Let j(m) = -15 + 4 + m - 2*m + 0*m. Let h = -347 + 432. Let p be (4 + -3)*h/(-17). Calculate j(p).
-6
Let y(i) = 2*i**3 + 4*i**2 + 4*i + 3. Suppose -2*o - 161 = 21. Let w be 4*(-3 + 4) + -6 - -91. Let p = o + w. What is y(p)?
-5
Let o(m) = 2*m - 3. Let k = -4 - -7. Let g be (-9)/6 + 2 + k/2. Suppose x = 6 - g. Give o(x).
5
Let k(o) = -11*o + 1091. Let h(z) = -9*z + 553. Let p(f) = -7*h(f) + 4*k(f). Determine p(-26).
-1
Let w(z) = -z + 1. Let i be 4/14 - 321/21. Suppose 0*r = 6*r + 120. Let o = i - r. What is w(o)?
-4
Let l(y) = -y + 8. Let j(s) = s**2 - 29*s + 83. Let z be 11/(-154)*7*(0 + -52). Let x be j(z). Give l(x).
3
Let l = 50 + -76. Let i = -28 - l. Let c be i/1*(-3)/4*2. Let p(w) = w**3 - 5*w**2 + w + 2. Determine p(c).
-13
Let u(w) = 3*w + 55552*w**3 - 55551*w**3 - 10*w**2 + 6*w**2 - 4. Let f = -1 - -5. Suppose -f*r + 9 = -3. Give u(r).
-4
Let m(n) be the second derivative of -n**5/20 + 7*n**4/3 - 37*n**3/3 - 2*n**2 - 4*n - 295. Give m(25).
21
Suppose 28 = 4*k - 2*k. Let j = k + -8. Let b(s) = j*s + s - 5*s. Give b(-3).
-6
Let q(p) be the first derivative of 1/6*p**3 + 4*p**2 - 6*p - 14. Let f(k) be the first derivative of q(k). Give f(-6).
2
Let k(c) = c**3 - 6*c**2 - 6*c + 3. Let n = -7 - -34. Suppose -3*g - 4*d = -d - n, -3*d = 2*g - 21. Suppose g*j - 32 = 10. Determine k(j).
10
Let r = 2662 - 2662. Let q(v) be the third derivative of -v**2 - 1/2*v**3 + 0 - 5/24*v**4 + r*v. Give q(-4).
17
Let b(t) = -t - 18. Let q be -39 - -3 - (39 - 56). Determine b(q).
1
Let c(r) = 673*r + 7 + 2 - 634*r + 25*r**2 - 7*r**2 + 16 - r**3. Determine c(20).
5
Let z(v) be the first derivative of v**3/3 + 13*v**2/2 - 14*v - 63. Suppose -5*q + 357 = 2*q. Suppose -i - 2*t - 2*t = 26, -3*i - 3*t = q. Give z(i).
0
Let h(l) = 25*l + 724 - 13*l - 778 - 16*l. What is h(-17)?
14
Suppose 13*m - 18*m = -3*r - 13, 4*r = 4*m - 20. Let d(k) be the first derivative of -k**4/4 - 8*k**3/3 - 9*k**2/2 - 5*k - 12. What is d(r)?
-23
Let z(h) = h**2 + 8*h - 16. Let m(f) = f - 28. Let d be m(36). Calculate z(d).
112
Let d(m) be the second derivative of m**5/10 - 7*m**4/12 + 2*m**3/3 + 2*m**2 + 6442*m. Determine d(4).
36
Let h(g) = g**2 + 19*g + 86. Let l be (-5)/(35/84) + 0/2. Let v be h(l). Let p(r) = 2*r**2 - 3*r + 3. Calculate p(v).
5
Suppose -3*g + 26 = -1. Let z be (-4 - 39/(-9))*g. Let k(l) = 6 - z - 4*l - 2 - 4. Calculate k(-2).
5
Let k(b) = b**2 - 19*b + 35. Let s(f) = -2*f**2 + 36*f - 70. Let n(d) = -5*k(d) - 3*s(d). Calc